{"id":22079,"date":"2025-10-09T18:23:49","date_gmt":"2025-10-09T16:23:49","guid":{"rendered":"https:\/\/magicartvalley.com\/?post_type=product&#038;p=22079"},"modified":"2025-11-16T19:10:20","modified_gmt":"2025-11-16T18:10:20","slug":"pingwinek-brelok","status":"publish","type":"product","link":"https:\/\/magicartvalley.com\/index.php\/pingwinek-brelok\/","title":{"rendered":"Pingwinek &#8211; Brelok"},"content":{"rendered":"<p>Uroczy brelok 3D z PLA w kszta\u0142cie pingwina.<br \/>\n\u2022 Jest Flexi.<br \/>\n\u2022 Trwa\u0142y i odporny na zarysowania.<br \/>\n\u2022 Doskona\u0142y prezent dla mi\u0142o\u015bnik\u00f3w zwierz\u0105t.<br \/>\nPingwinek doda uroku ka\u017cdemu zestawowi kluczy.<\/p>\n","protected":false},"excerpt":{"rendered":"<p>Uroczy brelok 3D z PLA w kszta\u0142cie pingwina. \u2022 Jest Flexi. \u2022 Trwa\u0142y i odporny na zarysowania. \u2022 Doskona\u0142y prezent dla mi\u0142o\u015bnik\u00f3w zwierz\u0105t. Pingwinek doda uroku ka\u017cdemu zestawowi kluczy.<\/p>\n","protected":false},"featured_media":22080,"template":"","meta":[],"product_brand":[],"product_cat":[89],"product_tag":[2372,2376,2377,2382],"class_list":{"0":"post-22079","1":"product","2":"type-product","3":"status-publish","4":"has-post-thumbnail","6":"product_cat-breloki","7":"product_tag-brelok","8":"product_tag-flexi","9":"product_tag-pingwin","10":"product_tag-prezent","12":"first","13":"instock","14":"shipping-taxable","15":"purchasable","16":"product-type-simple"},"_links":{"self":[{"href":"https:\/\/magicartvalley.com\/index.php\/wp-json\/wp\/v2\/product\/22079","targetHints":{"allow":["GET"]}}],"collection":[{"href":"https:\/\/magicartvalley.com\/index.php\/wp-json\/wp\/v2\/product"}],"about":[{"href":"https:\/\/magicartvalley.com\/index.php\/wp-json\/wp\/v2\/types\/product"}],"version-history":[{"count":3,"href":"https:\/\/magicartvalley.com\/index.php\/wp-json\/wp\/v2\/product\/22079\/revisions"}],"predecessor-version":[{"id":23877,"href":"https:\/\/magicartvalley.com\/index.php\/wp-json\/wp\/v2\/product\/22079\/revisions\/23877"}],"wp:featuredmedia":[{"embeddable":true,"href":"https:\/\/magicartvalley.com\/index.php\/wp-json\/wp\/v2\/media\/22080"}],"wp:attachment":[{"href":"https:\/\/magicartvalley.com\/index.php\/wp-json\/wp\/v2\/media?parent=22079"}],"wp:term":[{"taxonomy":"product_brand","embeddable":true,"href":"https:\/\/magicartvalley.com\/index.php\/wp-json\/wp\/v2\/product_brand?post=22079"},{"taxonomy":"product_cat","embeddable":true,"href":"https:\/\/magicartvalley.com\/index.php\/wp-json\/wp\/v2\/product_cat?post=22079"},{"taxonomy":"product_tag","embeddable":true,"href":"https:\/\/magicartvalley.com\/index.php\/wp-json\/wp\/v2\/product_tag?post=22079"}],"curies":[{"name":"wp","href":"https:\/\/api.w.org\/{rel}","templated":true}]}}