{"id":22245,"date":"2025-10-09T18:03:21","date_gmt":"2025-10-09T16:03:21","guid":{"rendered":"https:\/\/magicartvalley.com\/?post_type=product&#038;p=22245"},"modified":"2025-11-16T19:10:20","modified_gmt":"2025-11-16T18:10:20","slug":"pizza-magnes","status":"publish","type":"product","link":"https:\/\/magicartvalley.com\/index.php\/pizza-magnes\/","title":{"rendered":"Pizza &#8211; Magnes"},"content":{"rendered":"<p>Magnes 2D z PLA i \u017cywicy przedstawiaj\u0105cy kawa\u0142ek pizzy.<br \/>\n\u2022 Magnes neodymowy o du\u017cej sile.<br \/>\n\u2022 Soczyste kolory i b\u0142yszcz\u0105ca powierzchnia.<br \/>\n\u2022 Idealny do kuchni i tablic magnetycznych.<br \/>\nTen magnes sprawi, \u017ce od razu zg\u0142odniejesz.<\/p>\n","protected":false},"excerpt":{"rendered":"<p>Magnes 2D z PLA i \u017cywicy przedstawiaj\u0105cy kawa\u0142ek pizzy. \u2022 Magnes neodymowy o du\u017cej sile. \u2022 Soczyste kolory i b\u0142yszcz\u0105ca powierzchnia. \u2022 Idealny do kuchni i tablic magnetycznych. Ten magnes sprawi, \u017ce od razu zg\u0142odniejesz.<\/p>\n","protected":false},"featured_media":22246,"template":"","meta":[],"product_brand":[],"product_cat":[1168],"product_tag":[2374,2399,2382],"class_list":{"0":"post-22245","1":"product","2":"type-product","3":"status-publish","4":"has-post-thumbnail","6":"product_cat-magnesy","7":"product_tag-magnes","8":"product_tag-pizza","9":"product_tag-prezent","11":"first","12":"instock","13":"shipping-taxable","14":"purchasable","15":"product-type-simple"},"_links":{"self":[{"href":"https:\/\/magicartvalley.com\/index.php\/wp-json\/wp\/v2\/product\/22245","targetHints":{"allow":["GET"]}}],"collection":[{"href":"https:\/\/magicartvalley.com\/index.php\/wp-json\/wp\/v2\/product"}],"about":[{"href":"https:\/\/magicartvalley.com\/index.php\/wp-json\/wp\/v2\/types\/product"}],"version-history":[{"count":2,"href":"https:\/\/magicartvalley.com\/index.php\/wp-json\/wp\/v2\/product\/22245\/revisions"}],"predecessor-version":[{"id":23897,"href":"https:\/\/magicartvalley.com\/index.php\/wp-json\/wp\/v2\/product\/22245\/revisions\/23897"}],"wp:featuredmedia":[{"embeddable":true,"href":"https:\/\/magicartvalley.com\/index.php\/wp-json\/wp\/v2\/media\/22246"}],"wp:attachment":[{"href":"https:\/\/magicartvalley.com\/index.php\/wp-json\/wp\/v2\/media?parent=22245"}],"wp:term":[{"taxonomy":"product_brand","embeddable":true,"href":"https:\/\/magicartvalley.com\/index.php\/wp-json\/wp\/v2\/product_brand?post=22245"},{"taxonomy":"product_cat","embeddable":true,"href":"https:\/\/magicartvalley.com\/index.php\/wp-json\/wp\/v2\/product_cat?post=22245"},{"taxonomy":"product_tag","embeddable":true,"href":"https:\/\/magicartvalley.com\/index.php\/wp-json\/wp\/v2\/product_tag?post=22245"}],"curies":[{"name":"wp","href":"https:\/\/api.w.org\/{rel}","templated":true}]}}