{"id":23303,"date":"2025-09-30T15:06:38","date_gmt":"2025-09-30T13:06:38","guid":{"rendered":"https:\/\/magicartvalley.com\/?post_type=product&#038;p=23303"},"modified":"2025-11-16T19:10:38","modified_gmt":"2025-11-16T18:10:38","slug":"trick-or-treat-brelok","status":"publish","type":"product","link":"https:\/\/magicartvalley.com\/index.php\/trick-or-treat-brelok\/","title":{"rendered":"Trick or Treat Brelok"},"content":{"rendered":"<p>Halloweenowy brelok z napisem \u201eTrick or Treat\u201d.<br \/>\n\u2022 Zrobiony z PLA i \u017cywicy.<br \/>\n\u2022 Ciekawy, tematyczny wz\u00f3r.<br \/>\n\u2022 Doskona\u0142y dodatek na Halloween.<br \/>\nZawsze miej przy sobie troch\u0119 magii nocy duch\u00f3w.<\/p>\n","protected":false},"excerpt":{"rendered":"<p>Halloweenowy brelok z napisem \u201eTrick or Treat\u201d. \u2022 Zrobiony z PLA i \u017cywicy. \u2022 Ciekawy, tematyczny wz\u00f3r. \u2022 Doskona\u0142y dodatek na Halloween. Zawsze miej przy sobie troch\u0119 magii nocy duch\u00f3w.<\/p>\n","protected":false},"featured_media":23304,"template":"","meta":[],"product_brand":[],"product_cat":[89],"product_tag":[2372,2487,2485,2382],"class_list":{"0":"post-23303","1":"product","2":"type-product","3":"status-publish","4":"has-post-thumbnail","6":"product_cat-breloki","7":"product_tag-brelok","8":"product_tag-cukierek-albo-psikus","9":"product_tag-halloween","10":"product_tag-prezent","12":"first","13":"instock","14":"shipping-taxable","15":"purchasable","16":"product-type-simple"},"_links":{"self":[{"href":"https:\/\/magicartvalley.com\/index.php\/wp-json\/wp\/v2\/product\/23303","targetHints":{"allow":["GET"]}}],"collection":[{"href":"https:\/\/magicartvalley.com\/index.php\/wp-json\/wp\/v2\/product"}],"about":[{"href":"https:\/\/magicartvalley.com\/index.php\/wp-json\/wp\/v2\/types\/product"}],"version-history":[{"count":2,"href":"https:\/\/magicartvalley.com\/index.php\/wp-json\/wp\/v2\/product\/23303\/revisions"}],"predecessor-version":[{"id":23960,"href":"https:\/\/magicartvalley.com\/index.php\/wp-json\/wp\/v2\/product\/23303\/revisions\/23960"}],"wp:featuredmedia":[{"embeddable":true,"href":"https:\/\/magicartvalley.com\/index.php\/wp-json\/wp\/v2\/media\/23304"}],"wp:attachment":[{"href":"https:\/\/magicartvalley.com\/index.php\/wp-json\/wp\/v2\/media?parent=23303"}],"wp:term":[{"taxonomy":"product_brand","embeddable":true,"href":"https:\/\/magicartvalley.com\/index.php\/wp-json\/wp\/v2\/product_brand?post=23303"},{"taxonomy":"product_cat","embeddable":true,"href":"https:\/\/magicartvalley.com\/index.php\/wp-json\/wp\/v2\/product_cat?post=23303"},{"taxonomy":"product_tag","embeddable":true,"href":"https:\/\/magicartvalley.com\/index.php\/wp-json\/wp\/v2\/product_tag?post=23303"}],"curies":[{"name":"wp","href":"https:\/\/api.w.org\/{rel}","templated":true}]}}